ivided by 45.
41
Calculate the remainder when 327 is divided by 26.
15
What is the remainder when 354 is divided by 121?
112
Calculate the remainder when 472 is divided by 460.
12
Calculate the remainder when 21558 is divided by 70.
68
What is the remainder when 4328 is divided by 120?
8
What is the remainder when 106 is divided by 6?
4
What is the remainder when 3957 is divided by 90?
87
What is the remainder when 431 is divided by 56?
39
What is the remainder when 2391 is divided by 52?
51
Calculate the remainder when 789 is divided by 258.
15
Calculate the remainder when 127 is divided by 15.
7
What is the remainder when 70 is divided by 6?
4
What is the remainder when 139 is divided by 48?
43
What is the remainder when 100 is divided by 75?
25
Calculate the remainder when 185 is divided by 102.
83
Calculate the remainder when 512 is divided by 28.
8
What is the remainder when 324 is divided by 112?
100
Calculate the remainder when 1187 is divided by 69.
14
Calculate the remainder when 191 is divided by 2.
1
What is the remainder when 244 is divided by 102?
40
What is the remainder when 3560 is divided by 26?
24
Calculate the remainder when 394 is divided by 22.
20
Calculate the remainder when 2356 is divided by 181.
3
Calculate the remainder when 221 is divided by 4.
1
What is the remainder when 2564 is divided by 851?
11
Calculate the remainder when 1713 is divided by 242.
19
Calculate the remainder when 5865 is divided by 1955.
0
Calculate the remainder when 1115 is divided by 36.
35
Calculate the remainder when 309 is divided by 32.
21
What is the remainder when 23 is divided by 5?
3
Calculate the remainder when 1578 is divided by 113.
109
Calculate the remainder when 526 is divided by 24.
22
What is the remainder when 3013 is divided by 29?
26
Calculate the remainder when 1 is divided by 1.
0
What is the remainder when 944 is divided by 43?
41
Calculate the remainder when 1059 is divided by 14.
9
What is the remainder when 215 is divided by 134?
81
What is the remainder when 323 is divided by 37?
27
What is the remainder when 209 is divided by 43?
37
Calculate the remainder when 94 is divided by 36.
22
What is the remainder when 724 is divided by 350?
24
Calculate the remainder when 228 is divided by 35.
18
What is the remainder when 1036 is divided by 114?
10
What is the remainder when 87 is divided by 86?
1
What is the remainder when 124 is divided by 56?
12
Calculate the remainder when 443 is divided by 14.
9
What is the remainder when 941 is divided by 45?
41
Calculate the remainder when 78 is divided by 45.
33
Calculate the remainder when 1237 is divided by 20.
17
What is the remainder when 638 is divided by 630?
8
What is the remainder when 404 is divided by 71?
49
Calculate the remainder when 66974 is divided by 299.
297
Calculate the remainder when 77 is divided by 26.
25
What is the remainder when 469 is divided by 34?
27
Calculate the remainder when 12076 is divided by 183.
181
What is the remainder when 7979 is divided by 13?
10
What is the remainder when 451 is divided by 225?
1
What is the remainder when 410 is divided by 394?
16
What is the remainder when 945 is divided by 472?
1
What is the remainder when 203 is divided by 45?
23
Calculate the remainder when 118 is divided by 23.
3
Calculate the remainder when 454 is divided by 63.
13
What is the remainder when 72 is divided by 38?
34
What is the remainder when 495 is divided by 102?
87
What is the remainder when 371 is divided by 48?
35
Calculate the remainder when 547 is divided by 50.
47
Calculate the remainder when 522 is divided by 9.
0
What is the remainder when 1278 is divided by 54?
36
What is the remainder when 92 is divided by 13?
1
Calculate the remainder when 97 is divided by 26.
19
Calculate the remainder when 317 is divided by 16.
13
Calculate the remainder when 112 is divided by 16.
0
Calculate the remainder when 4799 is divided by 120.
119
What is the remainder when 1619 is divided by 13?
7
Calculate the remainder when 1897 is divided by 316.
1
What is the remainder when 479 is divided by 76?
23
Calculate the remainder when 588 is divided by 31.
30
What is the remainder when 3560 is divided by 108?
104
Calculate the remainder when 1092 is divided by 137.
133
Calculate the remainder when 814 is divided by 16.
14
What is the remainder when 906 is divided by 81?
15
Calculate the remainder when 1365 is divided by 72.
69
Calculate the remainder when 16 is divided by 3.
1
What is the remainder when 52 is divided by 16?
4
Calculate the remainder when 39 is divided by 8.
7
Calculate the remainder when 969 is divided by 560.
409
Calculate the remainder when 150 is divided by 31.
26
What is the remainder when 2607 is divided by 115?
77
Calculate the remainder when 168 is divided by 57.
54
What is the remainder when 3917 is divided by 32?
13
Calculate the remainder when 810 is divided by 787.
23
What is the remainder when 224 is divided by 59?
47
What is the remainder when 249 is divided by 5?
4
Calculate the remainder when 540 is divided by 17.
13
What is the remainder when 371 is divided by 12?
11
What is the remainder when 515 is divided by 110?
75
What is the remainder when 286 is divided by 140?
6
Calculate the remainder when 305 is divided by 57.
20
What is the remainder when 702 is divided by 179?
165
What is the remainder when 7 is divided by 4?
3
What is the remainder when 118 is divided by 8?
6
What is the remainder when 645 is divided by 24?
21
What is the remainder when 956 is divided by 137?
134
Calculate the remainder when 1184 is divided by 126.
50
Calculate the remainder when 1192 is divided by 171.
166
Calculate the remainder when 2682 is divided by 1339.
4
Calculate the remainder when 2506 is divided by 44.
42
Calculate the remainder when 1879 is divided by 604.
67
Calculate the remainder when 5494 is divided by 50.
44
Calculate the remainder when 240 is divided by 240.
0
What is the remainder when 165 is divided by 84?
81
What is the remainder when 284 is divided by 95?
94
Calculate the remainder when 262 is divided by 101.
60
What is the remainder when 8236 is divided by 26?
20
What is the remainder when 168 is divided by 32?
8
Calculate the remainder when 2063 is divided by 109.
101
What is the remainder when 6635 is divided by 79?
78
What is the remainder when 4650 is divided by 927?
15
Calculate the remainder when 518 is divided by 29.
25
Calculate the remainder when 1138 is divided by 60.
58
Calculate the remainder when 258 is divided by 20.
18
What is the remainder when 150 is divided by 42?
24
What is the remainder when 5169 is divided by 434?
395
Calculate the remainder when 311 is divided by 52.
51
Calculate the remainder when 1442 is divided by 91.
77
Calculate the remainder when 82 is divided by 8.
2
Calculate the remainder when 66 is divided by 63.
3
Calculate the remainder when 591 is divided by 265.
61
What is the remainder when 206 is divided by 70?
66
Calculate the remainder when 41 is divided by 33.
8
What is the remainder when 237 is divided by 15?
12
What is the remainder when 85 is divided by 14?
1
Calculate the remainder when 78 is divided by 44.
34
What is the remainder when 755 is divided by 19?
14
Calculate the remainder when 1790 is divided by 112.
110
Calculate the remainder when 117 is divided by 12.
9
Calculate the remainder when 235 is divided by 63.
46
Calculate the remainder when 2566 is divided by 6.
4
What is the remainder when 402 is divided by 27?
24
Calculate the remainder when 1150 is divided by 375.
25
Calculate the remainder when 362 is divided by 52.
50
What is the remainder when 69 is divided by 5?
4
What is the remainder when 656 is divided by 137?
108
What is the remainder when 104 is divided by 40?
24
What is the remainder when 1806 is divided by 119?
21
What is the remainder when 457 is divided by 112?
9
What is the remainder when 3376 is divided by 20?
16
Calculate the remainder when 741 is divided by 12.
9
What is the remainder when 3541 is divided by 18?
13
Calculate the remainder when 638 is divided by 71.
70
Calculate the remainder when 10122 is divided by 211.
205
What is the remainder when 1075 is divided by 98?
95
What is the remainder when 8924 is divided by 72?
68
What is the remainder wh